{"id":2050,"date":"2022-09-01T11:54:32","date_gmt":"2022-09-01T09:54:32","guid":{"rendered":"https:\/\/lagirardiere-vendee.fr\/?page_id=2050"},"modified":"2025-09-27T17:41:48","modified_gmt":"2025-09-27T15:41:48","slug":"avis-clients-la-girardiere","status":"publish","type":"page","link":"https:\/\/lagirardiere-vendee.fr\/index.php\/avis-clients-la-girardiere\/","title":{"rendered":"Avis clients"},"content":{"rendered":"<p><strong>Voici les avis d\u00e9pos\u00e9s par nos clients sur les livres d&rsquo;or mis \u00e0 disposition dans les maisons:<\/strong><\/p>\n<div dir=\"ltr\">\n<hr \/>\n<p>\u00ab\u00a0Thank you so much ! We have had a lovely stay and have loved the pool, it&rsquo;s a lovely temperature and we&rsquo;ve swam almost everyday . We had a great time at O&rsquo;Gliss and the vide greniers (massive recommendation). Once again thank you and we hope to come next year !!!\u00a0\u00bb &#8211; <em>Ao\u00fbt 2025 <\/em>&#8211; Samuel, Ben and Hannah<\/p>\n<hr \/>\n<p>\u00ab\u00a0Thank you for a wonderful stay. The house and grounds are beautiful and we had a resting time. Lovely stuff.\u00a0\u00bb- <em>Ao\u00fbt 2025<\/em> &#8211; Oliver<\/p>\n<hr \/>\n<p>\u00ab\u00a0Un nouveau s\u00e9jour dans ce havre de paix ! Le site est toujours aussi beau et les h\u00f4tes toujours aussi accueillants. Merci encore et \u00e0 bient\u00f4t&#8230;\u00a0\u00bb &#8211; <em>Juillet 2025<\/em> &#8211; Christine, Norbert et Vaya<\/p>\n<hr \/>\n<p>\u00ab\u00a0The pool was amazing and a very fun holiday and we had lot of sun\u00a0\u00bb. &#8211; <em>Juillet 2025<\/em> &#8211; From Sam<\/p>\n<hr \/>\n<p>\u00ab\u00a0Week-end en famille. Magnifique demeure et tr\u00e8s agr\u00e9able en r\u00e9union de famille. Merci.\u00a0\u00bb \u00ab\u00a0Repos garanti. Nous avons profit\u00e9 de l&rsquo;ext\u00e9rieur et des alentours calmes et paisibles.\u00a0\u00bb \u00ab\u00a0Nous avons pass\u00e9 un tr\u00e8s bon week-end en famille. G\u00eete superbe\u00a0\u00bb &#8211; <em>Avril 2025<\/em> &#8211; Famille M<\/p>\n<hr \/>\n<p>\u00ab\u00a0Merci pour ce Week-end incroyable, les maisons sont magnifiques et les ch\u00e8vres sont gentilles.\u00a0\u00bb \u00ab\u00a0Merci beaucoup j&rsquo;ai ador\u00e9 c&rsquo;\u00e9tait magnifique.\u00a0\u00bb \u00ab\u00a0Merci beaucoup pour ce s\u00e9jour. C&rsquo;est d\u00e9cor\u00e9 avec go\u00fbt, tr\u00e8s propre et les ext\u00e9rieurs avec les chevaux et les ch\u00e8vres magnifiques\u00a0\u00bb &#8211; <em>Avril 2025 week-end de P\u00e2ques<\/em> &#8211; Famille W et K<\/p>\n<hr \/>\n<p>\u00ab\u00a0Enterrement de vie de gar\u00e7on Tonio. Merci pour ce s\u00e9jour inoubliable. Merci aux propri\u00e9taires pour leur hospitalit\u00e9\u00a0\u00bb &#8211; <em>Avril 2025<\/em> &#8211; Groupe Morbihanais<\/p>\n<hr \/>\n<p>\u00ab\u00a0Merci \u00e0 vous. Cet endroit est vraiment remarquable avec toutes ces belles pierres, cet environnement verdoyant et tr\u00e8s joli en cet automne (superbes cyclamens) Tr\u00e8s beaux arbres !! etc&#8230; L&rsquo;endroit est fort sympathique avec de belles prestations (Piscine- Tables-divers&#8230;) Les balades \u00e0 proximit\u00e9 sont superbes le long du Yon. La d\u00e9coration des g\u00eetes est faite avec go\u00fbt et d\u00e9licatesse, les pi\u00e8ces sont spacieuses et agr\u00e9ables.\u00a0\u00bb\u00a0 &#8211; <em>Octobre 2024<\/em>&#8211; Les amis de St M\u00eame le Tenu 44270 Parents et enfants ravis 20 personnes<\/p>\n<hr \/>\n<p>\u00ab\u00a0Celine &amp; Renaud, Thank you so much for such a wonderful week in your beautiful house and relaxing surroundings. It has been amazing. Your generosity and advice has made it even better and the excellent suggestions too. We return to London with some lovely memories. Best wishes\u00a0\u00bb &#8211; <em>Ao\u00fbt 2024<\/em> &#8211; Ben, Hannah &amp; Samuel<\/p>\n<hr \/>\n<p>\u00ab\u00a0S\u00e9jour entre amis, la maison est tr\u00e8s agr\u00e9able mais le plancher n&rsquo;est pas isol\u00e9. La propri\u00e9t\u00e9 est superbe, cueillette de m\u00fbre compris. Nous n&rsquo;avons manqu\u00e9 de rien (couteau, fourchette&#8230;) Piscine bien entretenue et chaude. Merci aux h\u00f4tes \u00a0\u00bb <em>Ao\u00fbt 2024<\/em> &#8211; 2 Familles parisiennes<\/p>\n<hr \/>\n<p>\u00a0\u00bb On prend les m\u00eames et on recommence !\u00a0\u00bb <em>Juillet 2024<\/em> &#8211; Christine, Norbert et Saphir<\/p>\n<hr \/>\n<p>\u00ab\u00a0Un grand merci pour ce havre de tranquillit\u00e9 et pour la qualit\u00e9 du lieu si bien pr\u00e9serv\u00e9. Je viens de Paris.\u00a0\u00bb <em>Juillet 2024<\/em> &#8211; Famille R<\/p>\n<hr \/>\n<p>\u00ab\u00a0Merci pour votre accueil, nous avons pass\u00e9 un excellent week-end et avons appr\u00e9ci\u00e9 vos maisons ainsi que les ext\u00e9rieurs. Les enfants peuvent jouer en toute s\u00e9curit\u00e9 et il y a beaucoup d&rsquo;espace. Tout est r\u00e9uni pour faire des r\u00e9unions de famille dans vos g\u00eetes.\u00a0\u00bb <em>Juin 2024<\/em> &#8211; Famille G<\/p>\n<hr \/>\n<\/div>\n<p>\u00ab\u00a0Un grand merci de nous tous (16 personnes) pour ces beaux h\u00e9bergements et cette nature pr\u00e9serv\u00e9e. Merci pour votre accueil discret et fort sympathique. Belle continuation \u00e0 vous.\u00a0\u00bb <em>Mai 2024 (Ascension) &#8211;\u00a0<\/em>Famille D<\/p>\n<hr \/>\n<p>\u00ab\u00a0Un grand merci pour ce week-end festif. Nous \u00e9tions 15, 15 personnes heureuses !\u00a0\u00bb <em>Septembre 2023<\/em> &#8211; Le club des 15<\/p>\n<hr \/>\n<p>\u00ab\u00a0Super maison ! Nous avons pass\u00e9 un agr\u00e9able week-end. Merci !\u00a0\u00bb <em>Septembre 2023<\/em> &#8211; Les copains de Boup\u00e8re<\/p>\n<hr \/>\n<p>\u00ab\u00a0Merci pour ces vacances ! \u00ab\u00a0&#8211; <em>Juillet 2023<\/em><\/p>\n<hr \/>\n<p>\u00ab\u00a0Merci \u00e0 vous pour votre accueil. Nous avons trouv\u00e9 le havre de paix que nous cherchions. Le domaine est tr\u00e8s beau, le g\u00eete tr\u00e8s bien \u00e9quip\u00e9 et la piscine, quelle piscine ! Calme et s\u00e9r\u00e9nit\u00e9, avec notre chien en prime. Quel dommage de devoir retourner en r\u00e9gion parisienne\u00a0\u00bb <em>Juillet 2023<\/em> &#8211; Christine et Norbert. Oups ! &#8230; et Saphir<\/p>\n<hr \/>\n<p>\u00ab\u00a0Un grand merci pour ce s\u00e9jour vend\u00e9en. Tout est r\u00e9uni ici pour passer des vacances inoubliables. Nous avons beaucoup appr\u00e9ci\u00e9 le calme et l&rsquo;espace (&#8230; et la piscine !). Nich\u00e9s au creu de ce splendide domaine, nous avons pu rayonner \u00e0 pied, en v\u00e9lo et en voiture pour d\u00e9couvrir une r\u00e9gion de toute beaut\u00e9. Des marais poitevins, en passant par La Rochelle, des plages de la c\u00f4te vend\u00e9enne jusqu&rsquo;\u00e0 l&rsquo;Ile de Noirmoutier, nous avons pass\u00e9 de chouettes vacances en famille. Merci et \u00e0 une prochaine fois &#8230; !?\u00a0\u00bb <em>Juillet 2023<\/em> &#8211; La famille L.<\/p>\n<hr \/>\n<p>\u00ab\u00a0Un bon week-end entre quarantenaires \u00e0 La Girardi\u00e8re, clin d&rsquo;\u0153il pour la chasse \u00e0 courre \u00e0 6h. A bient\u00f4t peut-\u00eatre. Sportivement\u00a0\u00bb <em>Juin 2023<\/em> &#8211; Les copains d&rsquo;abord !<\/p>\n<hr \/>\n<p>\u00ab\u00a0Nous avons pass\u00e9 un super s\u00e9jour en famille, j&rsquo;ai beaucoup appr\u00e9ci\u00e9 d&rsquo;avoir un grand terrain pour jouer. Merci beaucoup.\u00a0\u00bb <em>Mai 2023<\/em>&#8211; Janie 12 ans<\/p>\n<hr \/>\n<p>\u00ab\u00a0F\u00eater ses 90 ans avec ses ascendants \u00e0 La Girardi\u00e8re, c&rsquo;est le TOP. Merci Germaine. Merci C\u00e9line\u00a0\u00bb <em>Mai 2023<\/em> &#8211; J.C.<\/p>\n<hr \/>\n<p>\u00ab\u00a0Nous avons pass\u00e9 un agr\u00e9able week-end en (grande) famille. Le lieu est propice au partage et \u00e0 la d\u00e9tente. Merci pour votre accueil\u00a0\u00bb <em>Mai 2023<\/em> &#8211; La famille R<\/p>\n<hr \/>\n<p>\u00ab\u00a0Tout \u00e9tait parfait. Accueil super. Cadre id\u00e9al. Merci avec beaucoup de plaisir ! Nous avons pass\u00e9 un excellent week-end en famille dans votre domaine. Les logements sont spacieux, bien \u00e9quip\u00e9s et tr\u00e8s propres ! Merci \u00e0 vous deux pour l&rsquo;accueil et la qualit\u00e9 des petits-d\u00e9jeuners. Tout le monde a pu profiter des espaces ext\u00e9rieurs car nous avons la chance d&rsquo;avoir le temps avec nous !\u00a0\u00bb <em>Septembre 2022<\/em> &#8211; St\u00e9phane et Xavier de Guingamp, et leurs familles<\/p>\n<hr \/>\n<p>\u00ab\u00a0C\u00e9cile, Renaud, Nous avons pass\u00e9 une excellente semaine, la maison est confortable, le domaine est magnifique et la piscine exceptionnelle. Merci pour votre accueil, gentillesse. Sp\u00e9ciale d\u00e9dicace \u00e0 Opale et sa m\u00e8re. Juste ce qu&rsquo;il nous fallait pour nous ressourcer et rentrer \u00e0 Paris pour rejoindre notre quotidien. Nous reviendrons sans aucun doute. \u00a0\u00bb <em>Ao\u00fbt 2022<\/em> &#8211; Nadira et Saadi<\/p>\n<hr \/>\n<p>\u00ab\u00a0Bonjour \u00e0 vous, nous vous remercions pour cet accueil chaleureux ! Nous avons pass\u00e9 un merveilleux s\u00e9jour chez vous, c&rsquo;\u00e9tait vraiment agr\u00e9able d&rsquo;\u00eatre dans un environnement propre et calme. Nous reviendrons, pour s\u00fbr ! Il est temps de retourner sur Paris, \u00e0 tr\u00e8s bient\u00f4t. Bien \u00e0 vous. PS: Merci encore pour les \u00e9quipements b\u00e9b\u00e9 !\u00a0\u00bb <em>Juillet-Ao\u00fbt 2022<\/em> &#8211; Anthony, Rapha\u00ebl et Marie<\/p>\n<hr \/>\n<p>\u00ab\u00a0Notre appr\u00e9hension de d\u00e9couvrir un lieu de vacances inconnu s&rsquo;est vite dissip\u00e9e&#8230; Tous les participants ont \u00e9t\u00e9 enchant\u00e9s par la beaut\u00e9 des lieux, le cadre de verdure et la disposition des g\u00eetes, des 3 logis, qui s&rsquo;est av\u00e9r\u00e9e parfaite pour un groupe comme le n\u00f4tre de 20 personnes et 4 g\u00e9n\u00e9rations diff\u00e9rentes ! Merci aux propri\u00e9taires\u00a0\u00bb <em>Juillet 2022<\/em> &#8211; Jo\u00eblle et Jacques de Gu\u00e9rande et&#8230; Tahiti -Tunisie &#8211; Perpignan &#8211; r\u00e9gion Nantaise et&#8230; bateau en escale au Guatemala<\/p>\n<hr \/>\n<p>\u00ab\u00a0Ici, une grande nouveaut\u00e9, que mon \u00e9pouse appr\u00e9cie: durant 40 heures, aucune remarque d\u00e9sagr\u00e9able de son mari&#8230; SUBLIME. Merci \u00e0 vous, artisans de ce cadre de VIE, qui coop\u00e9rez avec la Nature: les arbres, les animaux, les pierres et nous les humains. Nous vous souhaitons longue vie. C&rsquo;est vrai que l&rsquo;un des gros \u00e9carts avec le Paradis, c&rsquo;est qu&rsquo;il faille en repartir&#8230; pour tous, l&rsquo;\u00e9merveillement a \u00e9t\u00e9 de chaque instant. Fraternellement.\u00a0\u00bb <em>Juillet 2022<\/em> &#8211; Daniel<\/p>\n<hr \/>\n<p>\u00ab\u00a0Bon s\u00e9jour, sauf que partir \u00e0 11h cela fait t\u00f4t surtout le lundi de Pentec\u00f4te. Sinon propre et bien \u00e9quip\u00e9\u00a0\u00bb. <em>Juin 2022<\/em> &#8211; Les sarthois<\/p>\n<hr \/>\n<p>\u00ab\u00a0Super s\u00e9jour ! Tout est parfait. Merci.\u00a0\u00bb <em>Mai 2022<\/em> &#8211; Laura et ses amies, d&rsquo;Angers, etc.<\/p>\n<hr \/>\n<p>\u00ab\u00a0Tr\u00e8s agr\u00e9able s\u00e9jour dans ce magnifique cadre. Au calme, reposant, piscine chauff\u00e9e, bonne literie. Il ne manque rien en \u00e9quipement. Tr\u00e8s bon week-end de P\u00e2ques en famille. Accueil tr\u00e8s chaleureux des propri\u00e9taires.\u00a0\u00bb <em>Avril 2022<\/em> &#8211; Fran\u00e7ois et Jeannine de Champtoc\u00e9-sur-Loire<\/p>\n<hr \/>\n<p><a href=\"https:\/\/www.airbnb.fr\/users\/show\/27537450\" target=\"_blank\" rel=\"noopener\">Consultez les avis d\u00e9pos\u00e9s par nos clients sur Airbnb<\/a><\/p>\n<p><a href=\"https:\/\/www.abritel.fr\/location-vacances\/p1950674?adultsCount=10&amp;arrival=2023-06-23&amp;childrenCount=10&amp;departure=2023-06-25&amp;uni_id=2126515\" target=\"_blank\" rel=\"noopener\">Consultez les avis d\u00e9pos\u00e9s par nos clients sur Abritel<\/a><\/p>\n<p><a href=\"https:\/\/www.google.com\/maps\/place\/Ch%C3%A2teau+de+La+Girardi%C3%A8re\/@46.5608536,-1.3375426,14.5z\/data=!4m12!1m6!3m5!1s0x0:0xb47f21ddad78ebca!2sCh%C3%A2teau+de+La+Girardi%C3%A8re!8m2!3d46.5596862!4d-1.3315609!3m4!1s0x0:0xb47f21ddad78ebca!8m2!3d46.5596862!4d-1.3315609?hl=en\" target=\"_blank\" rel=\"noopener\">Consultez les Avis d\u00e9pos\u00e9s par nos clients sur Google<\/a><\/p>\n<p>&nbsp;<\/p>\n","protected":false},"excerpt":{"rendered":"<p>Voici les avis d\u00e9pos\u00e9s par nos clients sur les livres d&rsquo;or mis \u00e0 disposition dans les maisons: \u00ab\u00a0Thank you so much ! We have had a lovely stay and have loved the pool, it&rsquo;s a lovely temperature and&#8230;<\/p>\n","protected":false},"author":1,"featured_media":0,"parent":0,"menu_order":0,"comment_status":"closed","ping_status":"closed","template":"","meta":{"jetpack_post_was_ever_published":false,"footnotes":""},"class_list":["post-2050","page","type-page","status-publish","hentry"],"yoast_head":"<!-- This site is optimized with the Yoast SEO plugin v27.4 - https:\/\/yoast.com\/product\/yoast-seo-wordpress\/ -->\n<title>Avis clients | Domaine de La Girardi\u00e8re<\/title>\n<meta name=\"description\" content=\"Voici les avis de nos clients sur leur s\u00e9jour dans les g\u00eetes du Domaine de La Girardi\u00e8re, en Vend\u00e9e\" \/>\n<meta name=\"robots\" content=\"index, follow, max-snippet:-1, max-image-preview:large, max-video-preview:-1\" \/>\n<link rel=\"canonical\" href=\"https:\/\/lagirardiere-vendee.fr\/index.php\/avis-clients-la-girardiere\/\" \/>\n<meta property=\"og:locale\" content=\"fr_FR\" \/>\n<meta property=\"og:type\" content=\"article\" \/>\n<meta property=\"og:title\" content=\"Avis clients | Domaine de La Girardi\u00e8re\" \/>\n<meta property=\"og:description\" content=\"Voici les avis de nos clients sur leur s\u00e9jour dans les g\u00eetes du Domaine de La Girardi\u00e8re, en Vend\u00e9e\" \/>\n<meta property=\"og:url\" content=\"https:\/\/lagirardiere-vendee.fr\/index.php\/avis-clients-la-girardiere\/\" \/>\n<meta property=\"og:site_name\" content=\"Domaine de La Girardi\u00e8re\" \/>\n<meta property=\"article:publisher\" content=\"https:\/\/www.facebook.com\/domainedelagirardiereenvendee\" \/>\n<meta property=\"article:modified_time\" content=\"2025-09-27T15:41:48+00:00\" \/>\n<meta property=\"og:image\" content=\"https:\/\/lagirardiere-vendee.fr\/wp-content\/uploads\/2020\/01\/Image2-1.png\" \/>\n\t<meta property=\"og:image:width\" content=\"159\" \/>\n\t<meta property=\"og:image:height\" content=\"160\" \/>\n\t<meta property=\"og:image:type\" content=\"image\/png\" \/>\n<meta name=\"twitter:card\" content=\"summary_large_image\" \/>\n<meta name=\"twitter:label1\" content=\"Dur\u00e9e de lecture estim\u00e9e\" \/>\n\t<meta name=\"twitter:data1\" content=\"7 minutes\" \/>\n<script type=\"application\/ld+json\" class=\"yoast-schema-graph\">{\"@context\":\"https:\\\/\\\/schema.org\",\"@graph\":[{\"@type\":\"WebPage\",\"@id\":\"https:\\\/\\\/lagirardiere-vendee.fr\\\/index.php\\\/avis-clients-la-girardiere\\\/\",\"url\":\"https:\\\/\\\/lagirardiere-vendee.fr\\\/index.php\\\/avis-clients-la-girardiere\\\/\",\"name\":\"Avis clients | Domaine de La Girardi\u00e8re\",\"isPartOf\":{\"@id\":\"https:\\\/\\\/lagirardiere-vendee.fr\\\/#website\"},\"datePublished\":\"2022-09-01T09:54:32+00:00\",\"dateModified\":\"2025-09-27T15:41:48+00:00\",\"description\":\"Voici les avis de nos clients sur leur s\u00e9jour dans les g\u00eetes du Domaine de La Girardi\u00e8re, en Vend\u00e9e\",\"breadcrumb\":{\"@id\":\"https:\\\/\\\/lagirardiere-vendee.fr\\\/index.php\\\/avis-clients-la-girardiere\\\/#breadcrumb\"},\"inLanguage\":\"fr-FR\",\"potentialAction\":[{\"@type\":\"ReadAction\",\"target\":[\"https:\\\/\\\/lagirardiere-vendee.fr\\\/index.php\\\/avis-clients-la-girardiere\\\/\"]}]},{\"@type\":\"BreadcrumbList\",\"@id\":\"https:\\\/\\\/lagirardiere-vendee.fr\\\/index.php\\\/avis-clients-la-girardiere\\\/#breadcrumb\",\"itemListElement\":[{\"@type\":\"ListItem\",\"position\":1,\"name\":\"Accueil\",\"item\":\"https:\\\/\\\/lagirardiere-vendee.fr\\\/\"},{\"@type\":\"ListItem\",\"position\":2,\"name\":\"Avis clients\"}]},{\"@type\":\"WebSite\",\"@id\":\"https:\\\/\\\/lagirardiere-vendee.fr\\\/#website\",\"url\":\"https:\\\/\\\/lagirardiere-vendee.fr\\\/\",\"name\":\"Domaine de La Girardi\u00e8re\",\"description\":\"Location de g\u00eetes de caract\u00e8re en Vend\u00e9e\",\"publisher\":{\"@id\":\"https:\\\/\\\/lagirardiere-vendee.fr\\\/#organization\"},\"potentialAction\":[{\"@type\":\"SearchAction\",\"target\":{\"@type\":\"EntryPoint\",\"urlTemplate\":\"https:\\\/\\\/lagirardiere-vendee.fr\\\/?s={search_term_string}\"},\"query-input\":{\"@type\":\"PropertyValueSpecification\",\"valueRequired\":true,\"valueName\":\"search_term_string\"}}],\"inLanguage\":\"fr-FR\"},{\"@type\":\"Organization\",\"@id\":\"https:\\\/\\\/lagirardiere-vendee.fr\\\/#organization\",\"name\":\"SAS Domaine de La Girardi\u00e8re\",\"url\":\"https:\\\/\\\/lagirardiere-vendee.fr\\\/\",\"logo\":{\"@type\":\"ImageObject\",\"inLanguage\":\"fr-FR\",\"@id\":\"https:\\\/\\\/lagirardiere-vendee.fr\\\/#\\\/schema\\\/logo\\\/image\\\/\",\"url\":\"http:\\\/\\\/lagirardiere-vendee.fr\\\/wp-content\\\/uploads\\\/2020\\\/01\\\/Image2-1.png\",\"contentUrl\":\"http:\\\/\\\/lagirardiere-vendee.fr\\\/wp-content\\\/uploads\\\/2020\\\/01\\\/Image2-1.png\",\"width\":159,\"height\":160,\"caption\":\"SAS Domaine de La Girardi\u00e8re\"},\"image\":{\"@id\":\"https:\\\/\\\/lagirardiere-vendee.fr\\\/#\\\/schema\\\/logo\\\/image\\\/\"},\"sameAs\":[\"https:\\\/\\\/www.facebook.com\\\/domainedelagirardiereenvendee\"]}]}<\/script>\n<!-- \/ Yoast SEO plugin. -->","yoast_head_json":{"title":"Avis clients | Domaine de La Girardi\u00e8re","description":"Voici les avis de nos clients sur leur s\u00e9jour dans les g\u00eetes du Domaine de La Girardi\u00e8re, en Vend\u00e9e","robots":{"index":"index","follow":"follow","max-snippet":"max-snippet:-1","max-image-preview":"max-image-preview:large","max-video-preview":"max-video-preview:-1"},"canonical":"https:\/\/lagirardiere-vendee.fr\/index.php\/avis-clients-la-girardiere\/","og_locale":"fr_FR","og_type":"article","og_title":"Avis clients | Domaine de La Girardi\u00e8re","og_description":"Voici les avis de nos clients sur leur s\u00e9jour dans les g\u00eetes du Domaine de La Girardi\u00e8re, en Vend\u00e9e","og_url":"https:\/\/lagirardiere-vendee.fr\/index.php\/avis-clients-la-girardiere\/","og_site_name":"Domaine de La Girardi\u00e8re","article_publisher":"https:\/\/www.facebook.com\/domainedelagirardiereenvendee","article_modified_time":"2025-09-27T15:41:48+00:00","og_image":[{"width":159,"height":160,"url":"https:\/\/lagirardiere-vendee.fr\/wp-content\/uploads\/2020\/01\/Image2-1.png","type":"image\/png"}],"twitter_card":"summary_large_image","twitter_misc":{"Dur\u00e9e de lecture estim\u00e9e":"7 minutes"},"schema":{"@context":"https:\/\/schema.org","@graph":[{"@type":"WebPage","@id":"https:\/\/lagirardiere-vendee.fr\/index.php\/avis-clients-la-girardiere\/","url":"https:\/\/lagirardiere-vendee.fr\/index.php\/avis-clients-la-girardiere\/","name":"Avis clients | Domaine de La Girardi\u00e8re","isPartOf":{"@id":"https:\/\/lagirardiere-vendee.fr\/#website"},"datePublished":"2022-09-01T09:54:32+00:00","dateModified":"2025-09-27T15:41:48+00:00","description":"Voici les avis de nos clients sur leur s\u00e9jour dans les g\u00eetes du Domaine de La Girardi\u00e8re, en Vend\u00e9e","breadcrumb":{"@id":"https:\/\/lagirardiere-vendee.fr\/index.php\/avis-clients-la-girardiere\/#breadcrumb"},"inLanguage":"fr-FR","potentialAction":[{"@type":"ReadAction","target":["https:\/\/lagirardiere-vendee.fr\/index.php\/avis-clients-la-girardiere\/"]}]},{"@type":"BreadcrumbList","@id":"https:\/\/lagirardiere-vendee.fr\/index.php\/avis-clients-la-girardiere\/#breadcrumb","itemListElement":[{"@type":"ListItem","position":1,"name":"Accueil","item":"https:\/\/lagirardiere-vendee.fr\/"},{"@type":"ListItem","position":2,"name":"Avis clients"}]},{"@type":"WebSite","@id":"https:\/\/lagirardiere-vendee.fr\/#website","url":"https:\/\/lagirardiere-vendee.fr\/","name":"Domaine de La Girardi\u00e8re","description":"Location de g\u00eetes de caract\u00e8re en Vend\u00e9e","publisher":{"@id":"https:\/\/lagirardiere-vendee.fr\/#organization"},"potentialAction":[{"@type":"SearchAction","target":{"@type":"EntryPoint","urlTemplate":"https:\/\/lagirardiere-vendee.fr\/?s={search_term_string}"},"query-input":{"@type":"PropertyValueSpecification","valueRequired":true,"valueName":"search_term_string"}}],"inLanguage":"fr-FR"},{"@type":"Organization","@id":"https:\/\/lagirardiere-vendee.fr\/#organization","name":"SAS Domaine de La Girardi\u00e8re","url":"https:\/\/lagirardiere-vendee.fr\/","logo":{"@type":"ImageObject","inLanguage":"fr-FR","@id":"https:\/\/lagirardiere-vendee.fr\/#\/schema\/logo\/image\/","url":"http:\/\/lagirardiere-vendee.fr\/wp-content\/uploads\/2020\/01\/Image2-1.png","contentUrl":"http:\/\/lagirardiere-vendee.fr\/wp-content\/uploads\/2020\/01\/Image2-1.png","width":159,"height":160,"caption":"SAS Domaine de La Girardi\u00e8re"},"image":{"@id":"https:\/\/lagirardiere-vendee.fr\/#\/schema\/logo\/image\/"},"sameAs":["https:\/\/www.facebook.com\/domainedelagirardiereenvendee"]}]}},"jetpack_sharing_enabled":true,"jetpack_shortlink":"https:\/\/wp.me\/PaEc2P-x4","_links":{"self":[{"href":"https:\/\/lagirardiere-vendee.fr\/index.php\/wp-json\/wp\/v2\/pages\/2050","targetHints":{"allow":["GET"]}}],"collection":[{"href":"https:\/\/lagirardiere-vendee.fr\/index.php\/wp-json\/wp\/v2\/pages"}],"about":[{"href":"https:\/\/lagirardiere-vendee.fr\/index.php\/wp-json\/wp\/v2\/types\/page"}],"author":[{"embeddable":true,"href":"https:\/\/lagirardiere-vendee.fr\/index.php\/wp-json\/wp\/v2\/users\/1"}],"replies":[{"embeddable":true,"href":"https:\/\/lagirardiere-vendee.fr\/index.php\/wp-json\/wp\/v2\/comments?post=2050"}],"version-history":[{"count":20,"href":"https:\/\/lagirardiere-vendee.fr\/index.php\/wp-json\/wp\/v2\/pages\/2050\/revisions"}],"predecessor-version":[{"id":2637,"href":"https:\/\/lagirardiere-vendee.fr\/index.php\/wp-json\/wp\/v2\/pages\/2050\/revisions\/2637"}],"wp:attachment":[{"href":"https:\/\/lagirardiere-vendee.fr\/index.php\/wp-json\/wp\/v2\/media?parent=2050"}],"curies":[{"name":"wp","href":"https:\/\/api.w.org\/{rel}","templated":true}]}}